{"id":410,"date":"2016-05-11T15:37:12","date_gmt":"2016-05-11T13:37:12","guid":{"rendered":"http:\/\/pidder-und-bhreng.de\/?page_id=410"},"modified":"2016-05-14T16:52:25","modified_gmt":"2016-05-14T14:52:25","slug":"dank-an-guenter","status":"publish","type":"page","link":"http:\/\/pidder-und-bhreng.de\/?page_id=410","title":{"rendered":"Dank an G\u00fcnter!"},"content":{"rendered":"<p>Auf der CD-H\u00fclle ist er nur recht bescheiden verewigt, deshalb an dieser Stelle der Dank an unseren Grafiker G\u00fcnter Laute, der sich mit viel Geduld der grafischen Gestaltung unseres Albums \u00abZeitzeichen\u00bb gewidmet hat. Die beiden Fotos zeigen ihn bei der Endabnahme des Probedrucks&#8230;<\/p>\n<p><img decoding=\"async\" loading=\"lazy\" class=\"alignleft size-large wp-image-412\" src=\"http:\/\/pidder-und-bhreng.de\/wp-content\/uploads\/2016\/05\/neu_guenter_1.jpg\" alt=\"Foto Guenter\" width=\"584\" height=\"366\" \/><\/p>\n<p>G\u00fcnter erkl\u00e4rt, wie aus dem ziemlich ramponierten \u00c4rmel seines ehemaligen Lieblingsstreifenhemds die Basis des Cover-Entwurfs entstand.<\/p>\n<p><img decoding=\"async\" loading=\"lazy\" class=\"alignleft size-large wp-image-413\" src=\"http:\/\/pidder-und-bhreng.de\/wp-content\/uploads\/2016\/05\/neu_guenter_2.jpg\" alt=\"Foto Guenter\" width=\"584\" height=\"365\" \/><\/p>\n","protected":false},"excerpt":{"rendered":"<p>Auf der CD-H\u00fclle ist er nur recht bescheiden verewigt, deshalb an dieser Stelle der Dank an unseren Grafiker G\u00fcnter Laute, der sich mit viel Geduld der grafischen Gestaltung unseres Albums \u00abZeitzeichen\u00bb gewidmet hat. Die beiden Fotos zeigen ihn bei der &hellip; <a href=\"http:\/\/pidder-und-bhreng.de\/?page_id=410\">Weiterlesen <span class=\"meta-nav\">&rarr;<\/span><\/a><\/p>\n","protected":false},"author":2,"featured_media":0,"parent":50,"menu_order":4,"comment_status":"closed","ping_status":"closed","template":"","meta":[],"_links":{"self":[{"href":"http:\/\/pidder-und-bhreng.de\/index.php?rest_route=\/wp\/v2\/pages\/410"}],"collection":[{"href":"http:\/\/pidder-und-bhreng.de\/index.php?rest_route=\/wp\/v2\/pages"}],"about":[{"href":"http:\/\/pidder-und-bhreng.de\/index.php?rest_route=\/wp\/v2\/types\/page"}],"author":[{"embeddable":true,"href":"http:\/\/pidder-und-bhreng.de\/index.php?rest_route=\/wp\/v2\/users\/2"}],"replies":[{"embeddable":true,"href":"http:\/\/pidder-und-bhreng.de\/index.php?rest_route=%2Fwp%2Fv2%2Fcomments&post=410"}],"version-history":[{"count":5,"href":"http:\/\/pidder-und-bhreng.de\/index.php?rest_route=\/wp\/v2\/pages\/410\/revisions"}],"predecessor-version":[{"id":436,"href":"http:\/\/pidder-und-bhreng.de\/index.php?rest_route=\/wp\/v2\/pages\/410\/revisions\/436"}],"up":[{"embeddable":true,"href":"http:\/\/pidder-und-bhreng.de\/index.php?rest_route=\/wp\/v2\/pages\/50"}],"wp:attachment":[{"href":"http:\/\/pidder-und-bhreng.de\/index.php?rest_route=%2Fwp%2Fv2%2Fmedia&parent=410"}],"curies":[{"name":"wp","href":"https:\/\/api.w.org\/{rel}","templated":true}]}}